{"id":46,"date":"2025-07-28T13:06:34","date_gmt":"2025-07-28T13:06:34","guid":{"rendered":"https:\/\/7seven.cz\/pojisteni\/?page_id=46"},"modified":"2025-07-28T13:13:09","modified_gmt":"2025-07-28T13:13:09","slug":"nase-sluzby","status":"publish","type":"page","link":"https:\/\/7seven.cz\/pojisteni\/nase-sluzby\/","title":{"rendered":"Na\u0161e slu\u017eby"},"content":{"rendered":"<h2>Kompletn\u00ed poji\u0161t\u011bn\u00ed. Lidsky, f\u00e9rov\u011b, bez \u0159e\u010d\u00ed.<\/h2>\n<p data-start=\"445\" data-end=\"670\">Kdy\u017e jde o poji\u0161t\u011bn\u00ed, v\u011bt\u0161ina lid\u00ed mysl\u00ed na povinn\u00e9 ru\u010den\u00ed nebo havarijn\u00ed pojistku. My v <a href=\"https:\/\/7seven.cz\/kontakt\/\">7seven.cz<\/a> v\u0161ak v\u00edme, \u017ee ochrana m\u00e1 m\u00edt \u0161ir\u0161\u00ed v\u00fdznam \u2013 proto nab\u00edz\u00edme komplexn\u00ed poji\u0161\u0165ovac\u00ed slu\u017eby pro jednotlivce, rodiny i podnikatele.<\/p>\n<p data-start=\"445\" data-end=\"670\"><img loading=\"lazy\" decoding=\"async\" class=\"aligncenter wp-image-47 size-full\" src=\"http:\/\/7seven.cz\/pojisteni\/wp-content\/uploads\/2025\/07\/pojisteni_sluzby-7seven-cz-2025.jpg\" alt=\"\" width=\"1536\" height=\"1024\" srcset=\"https:\/\/7seven.cz\/pojisteni\/wp-content\/uploads\/2025\/07\/pojisteni_sluzby-7seven-cz-2025.jpg 1536w, https:\/\/7seven.cz\/pojisteni\/wp-content\/uploads\/2025\/07\/pojisteni_sluzby-7seven-cz-2025-300x200.jpg 300w, https:\/\/7seven.cz\/pojisteni\/wp-content\/uploads\/2025\/07\/pojisteni_sluzby-7seven-cz-2025-1024x683.jpg 1024w, https:\/\/7seven.cz\/pojisteni\/wp-content\/uploads\/2025\/07\/pojisteni_sluzby-7seven-cz-2025-768x512.jpg 768w\" sizes=\"auto, (max-width: 1536px) 100vw, 1536px\" \/><\/p>\n<p data-start=\"672\" data-end=\"919\">U n\u00e1s nenajdete anonymn\u00ed nab\u00eddky z automatick\u00e9ho srovn\u00e1va\u010de. V\u011bnujeme \u010das tomu, abychom pochopili, co pot\u0159ebujete chr\u00e1nit \u2013 a pro\u010d. D\u00edky tomu v\u00e1m dok\u00e1\u017eeme nab\u00eddnout smyslupln\u00e9 poji\u0161t\u011bn\u00ed, kter\u00e9 odpov\u00edd\u00e1 re\u00e1ln\u00fdm rizik\u016fm va\u0161eho \u017eivota nebo podnik\u00e1n\u00ed. Na\u0161e slu\u017eby jsou postaveny na spolupr\u00e1ci s ov\u011b\u0159en\u00fdmi poji\u0161\u0165ovnami a poradci, kte\u0159\u00ed maj\u00ed mnohalet\u00e9 zku\u0161enosti. Vybereme to nejlep\u0161\u00ed z dostupn\u00e9 nab\u00eddky na trhu a p\u0159izp\u016fsob\u00edme pojistn\u00e9 podm\u00ednky p\u0159esn\u011b v\u00e1m.<\/p>\n<h3 data-start=\"1125\" data-end=\"1146\">Poji\u0161t\u011bn\u00ed vozidel<\/h3>\n<p data-start=\"1148\" data-end=\"1426\">Zaji\u0161\u0165ujeme povinn\u00e9 ru\u010den\u00ed i havarijn\u00ed poji\u0161t\u011bn\u00ed pro osobn\u00ed a u\u017eitkov\u00e1 vozidla. A\u0165 u\u017e vlastn\u00edte osobn\u00ed auto, firemn\u00ed dod\u00e1vku nebo motorku, p\u0159iprav\u00edme pro v\u00e1s \u0159e\u0161en\u00ed na m\u00edru. Vysv\u011btl\u00edme, jak\u00e9 jsou rozd\u00edly mezi variantami, co kryj\u00ed, a kdy je vhodn\u00e9 kombinovat v\u00edce typ\u016f poji\u0161t\u011bn\u00ed.<\/p>\n<h3 data-start=\"1428\" data-end=\"1466\">Poji\u0161t\u011bn\u00ed nemovitost\u00ed a dom\u00e1cnosti<\/h3>\n<p data-start=\"1468\" data-end=\"1714\">Va\u0161e domy, byty, chalupy i rekrea\u010dn\u00ed objekty si zaslou\u017e\u00ed d\u016fkladnou ochranu. Poji\u0161t\u011bn\u00ed nemovitosti v\u00e1s chr\u00e1n\u00ed p\u0159ed \u017eiveln\u00fdmi ud\u00e1lostmi, po\u017e\u00e1rem, vytopen\u00edm nebo vandalismem. Dom\u00e1cnostn\u00ed poji\u0161t\u011bn\u00ed zase kryje vybaven\u00ed \u2013 od elektroniky a\u017e po cennosti.<\/p>\n<h3 data-start=\"1716\" data-end=\"1737\">\u017divotn\u00ed poji\u0161t\u011bn\u00ed<\/h3>\n<p data-start=\"1739\" data-end=\"2045\">Jedna z nejz\u00e1sadn\u011bj\u0161\u00edch slu\u017eeb, kterou nab\u00edz\u00edme. \u017divotn\u00ed poji\u0161t\u011bn\u00ed nen\u00ed jen o zaji\u0161t\u011bn\u00ed rodiny v p\u0159\u00edpad\u011b nejhor\u0161\u00edho, ale i o ochran\u011b p\u0159\u00edjm\u016f p\u0159i dlouhodob\u00e9 nemoci, invalidit\u011b nebo jin\u00fdch nep\u0159edv\u00eddateln\u00fdch ud\u00e1lostech. Spole\u010dn\u011b nastav\u00edme parametry, kter\u00e9 odpov\u00eddaj\u00ed va\u0161\u00ed \u017eivotn\u00ed situaci a finan\u010dn\u00edm mo\u017enostem.<\/p>\n<h3 data-start=\"2047\" data-end=\"2068\">\u00darazov\u00e9 poji\u0161t\u011bn\u00ed<\/h3>\n<p data-start=\"2070\" data-end=\"2305\">\u00daraz se m\u016f\u017ee st\u00e1t kdykoliv. A kdy\u017e ano, d\u016fsledky b\u00fdvaj\u00ed nep\u0159\u00edjemn\u00e9 \u2013 nejen fyzicky, ale i finan\u010dn\u011b. Nab\u00edz\u00edme \u00farazov\u00e1 poji\u0161t\u011bn\u00ed pro jednotlivce, d\u011bti, sportovce i seniory. Vy\u0159e\u0161\u00edme i kombinace s hospitalizac\u00ed nebo pracovn\u00ed neschopnost\u00ed.<\/p>\n<h3 data-start=\"2307\" data-end=\"2329\">Cestovn\u00ed poji\u0161t\u011bn\u00ed<\/h3>\n<p data-start=\"2331\" data-end=\"2571\">Cestujete za odpo\u010dinkem, prac\u00ed nebo studiem? S n\u00e1mi m\u016f\u017eete b\u00fdt v klidu. Nab\u00edz\u00edme cestovn\u00ed poji\u0161t\u011bn\u00ed s \u0161irok\u00fdm rozsahem \u2013 v\u010detn\u011b storna z\u00e1jezdu, ztr\u00e1ty zavazadel, odpov\u011bdnosti nebo pr\u00e1vn\u00ed asistence. A samoz\u0159ejm\u011b s nonstop asisten\u010dn\u00ed slu\u017ebou.<\/p>\n<h3 data-start=\"2573\" data-end=\"2599\">Poji\u0161t\u011bn\u00ed odpov\u011bdnosti<\/h3>\n<p data-start=\"2601\" data-end=\"2811\">Zp\u016fsobili jste \u0161kodu druh\u00e9 osob\u011b? Poji\u0161t\u011bn\u00ed ob\u010dansk\u00e9 odpov\u011bdnosti v\u00e1s ochr\u00e1n\u00ed p\u0159ed n\u00e1klady spojen\u00fdmi s nehodami ve va\u0161em b\u011b\u017en\u00e9m \u017eivot\u011b. Nab\u00edz\u00edme varianty pro jednotlivce, rodiny, n\u00e1jemce i majitele nemovitost\u00ed.<\/p>\n<h3 data-start=\"2813\" data-end=\"2850\">Poji\u0161t\u011bn\u00ed pro podnikatele a firmy<\/h3>\n<p data-start=\"2852\" data-end=\"3086\">Podnik\u00e1te? I va\u0161i \u010dinnost je t\u0159eba chr\u00e1nit. Nab\u00edz\u00edme pojistky pro provozovny, v\u00fdrobn\u00ed are\u00e1ly, technologie, odpov\u011bdnost za \u0161kodu zam\u011bstnanc\u016fm i t\u0159et\u00edm osob\u00e1m. Porad\u00edme s flotilov\u00fdm poji\u0161t\u011bn\u00edm vozidel i pojistkami profesn\u00ed odpov\u011bdnosti.<\/p>\n<h3 data-start=\"3088\" data-end=\"3124\">Poji\u0161t\u011bn\u00ed elektroniky a cennost\u00ed<\/h3>\n<p data-start=\"3126\" data-end=\"3317\">V dne\u0161n\u00ed dob\u011b m\u00e1 ka\u017ed\u00fd doma nebo v kancel\u00e1\u0159i cennou elektroniku. Nab\u00edz\u00edme speci\u00e1ln\u00ed poji\u0161t\u011bn\u00ed pro notebooky, mobily, tablety, televizory i dal\u0161\u00ed za\u0159\u00edzen\u00ed \u2013 proti kr\u00e1de\u017ei, po\u0161kozen\u00ed i selh\u00e1n\u00ed.<\/p>\n<h3 data-start=\"3319\" data-end=\"3350\">Poji\u0161t\u011bn\u00ed dom\u00e1c\u00edch mazl\u00ed\u010dk\u016f<\/h3>\n<p data-start=\"3352\" data-end=\"3513\">Proto\u017ee i na\u0161i \u010dty\u0159noz\u00ed kamar\u00e1di si zaslou\u017e\u00ed ochranu. Nab\u00edz\u00edme poji\u0161t\u011bn\u00ed pro psy a ko\u010dky \u2013 veterin\u00e1rn\u00ed o\u0161et\u0159en\u00ed, operace, \u00faraz i poji\u0161t\u011bn\u00ed odpov\u011bdnosti majitele.<\/p>\n<h3 data-start=\"3515\" data-end=\"3535\">Pojistky na m\u00edru<\/h3>\n<p data-start=\"3537\" data-end=\"3713\">Ka\u017ed\u00fd \u010dlov\u011bk je jin\u00fd. Proto u n\u00e1s nenajdete univerz\u00e1ln\u00ed bal\u00ed\u010dky, ale pojistn\u00e1 \u0159e\u0161en\u00ed sestaven\u00e1 na m\u00edru va\u0161im skute\u010dn\u00fdm pot\u0159eb\u00e1m. A kdy\u017e se situace zm\u011bn\u00ed, pojistku p\u0159izp\u016fsob\u00edme.<\/p>\n<h3 data-start=\"3715\" data-end=\"3736\">Asisten\u010dn\u00ed slu\u017eby<\/h3>\n<p data-start=\"3738\" data-end=\"3937\">Kvalitn\u00ed poji\u0161t\u011bn\u00ed nekon\u010d\u00ed podpisem smlouvy. Nab\u00edz\u00edme asisten\u010dn\u00ed slu\u017eby \u2013 technick\u00e9, pr\u00e1vn\u00ed, zdravotn\u00ed \u2013 kter\u00e9 pomohou v ter\u00e9nu, na silnici, doma i v zahrani\u010d\u00ed. Jsme tu, kdy\u017e n\u00e1s nejv\u00edce pot\u0159ebujete.<\/p>\n<h3 data-start=\"3939\" data-end=\"3957\">Likvidace \u0161kod<\/h3>\n<p data-start=\"3959\" data-end=\"4157\">V p\u0159\u00edpad\u011b pojistn\u00e9 ud\u00e1losti v\u00e1s nenech\u00e1me samotn\u00e9. Pom\u016f\u017eeme s hl\u00e1\u0161en\u00edm \u0161kody, komunikac\u00ed s poji\u0161\u0165ovnou, odhady a administrativou. Pracujeme tak, aby klient nemusel b\u00fdt v roli \u017eadatele, ale partnera.<\/p>\n<h3 data-start=\"4159\" data-end=\"4196\">Online p\u0159\u00edstup a digit\u00e1ln\u00ed servis<\/h3>\n<p data-start=\"4198\" data-end=\"4381\">V\u0161echny na\u0161e slu\u017eby nab\u00edz\u00edme online. Sta\u010d\u00ed mobil nebo po\u010d\u00edta\u010d \u2013 a m\u016f\u017eete si sjednat pojistku, zkontrolovat podm\u00ednky nebo kontaktovat podporu. Rychle, bezpe\u010dn\u011b a bez zbyte\u010dn\u00fdch pap\u00edr\u016f.<\/p>\n<h3 data-start=\"4383\" data-end=\"4425\">Spolupr\u00e1ce s renomovan\u00fdmi poji\u0161\u0165ovnami<\/h3>\n<p data-start=\"4427\" data-end=\"4629\">Spolupracujeme v\u00fdhradn\u011b s poji\u0161\u0165ovnami, kter\u00e9 maj\u00ed siln\u00e9 z\u00e1zem\u00ed, dobrou reputaci a rychl\u00e9 vy\u0159izov\u00e1n\u00ed pojistn\u00fdch ud\u00e1lost\u00ed. Mezi na\u0161e partnery pat\u0159\u00ed nap\u0159. Allianz, Kooperativa, \u010cPP, Direct, Uniqa a dal\u0161\u00ed.<\/p>\n<h3 data-start=\"4631\" data-end=\"4658\">Bez z\u00e1vazk\u016f \u2013 bez tlaku<\/h3>\n<p data-start=\"4660\" data-end=\"4782\">Na\u0161e konzultace jsou nez\u00e1vazn\u00e9 a zdarma. Nevyv\u00edj\u00edme n\u00e1tlak \u2013 informujeme, rad\u00edme, doporu\u010dujeme. Rozhodnut\u00ed je v\u017edy na v\u00e1s.<\/p>\n<hr data-start=\"4784\" data-end=\"4787\" \/>\n<h3 data-start=\"4789\" data-end=\"4819\"><strong>Co v\u0161echno um\u00edme zajistit?<\/strong><\/h3>\n<ul data-start=\"4821\" data-end=\"5183\">\n<li data-start=\"4821\" data-end=\"4868\">\n<p data-start=\"4823\" data-end=\"4868\">Poji\u0161t\u011bn\u00ed vozidel \u2013 povinn\u00e9 ru\u010den\u00ed, havarijn\u00ed<\/p>\n<\/li>\n<li data-start=\"4869\" data-end=\"4926\">\n<p data-start=\"4871\" data-end=\"4926\">Poji\u0161t\u011bn\u00ed dom\u00e1cnosti, nemovitost\u00ed a rekrea\u010dn\u00edch objekt\u016f<\/p>\n<\/li>\n<li data-start=\"4927\" data-end=\"4981\">\n<p data-start=\"4929\" data-end=\"4981\">\u017divotn\u00ed a \u00farazov\u00e9 poji\u0161t\u011bn\u00ed pro jednotlivce i rodiny<\/p>\n<\/li>\n<li data-start=\"4982\" data-end=\"5018\">\n<p data-start=\"4984\" data-end=\"5018\">Cestovn\u00ed poji\u0161t\u011bn\u00ed do cel\u00e9ho sv\u011bta<\/p>\n<\/li>\n<li data-start=\"5019\" data-end=\"5065\">\n<p data-start=\"5021\" data-end=\"5065\">Poji\u0161t\u011bn\u00ed odpov\u011bdnosti \u2013 ob\u010dansk\u00e9 i profesn\u00ed<\/p>\n<\/li>\n<li data-start=\"5066\" data-end=\"5121\">\n<p data-start=\"5068\" data-end=\"5121\">Poji\u0161t\u011bn\u00ed podnik\u00e1n\u00ed, firemn\u00edho majetku a odpov\u011bdnosti<\/p>\n<\/li>\n<li data-start=\"5122\" data-end=\"5183\">\n<p data-start=\"5124\" data-end=\"5183\">Specializovan\u00e1 poji\u0161t\u011bn\u00ed \u2013 mazl\u00ed\u010dci, elektronika, asistence<\/p>\n<\/li>\n<\/ul>\n<hr data-start=\"5185\" data-end=\"5188\" \/>\n<h3 data-start=\"5190\" data-end=\"5215\"><strong>Pro\u010d pr\u00e1v\u011b <a href=\"https:\/\/7seven.cz\/o-nas\/\">7seven.cz<\/a>?<\/strong><\/h3>\n<ul data-start=\"5217\" data-end=\"5416\">\n<li data-start=\"5217\" data-end=\"5242\">\n<p data-start=\"5219\" data-end=\"5242\">Lidsk\u00fd a f\u00e9rov\u00fd p\u0159\u00edstup<\/p>\n<\/li>\n<li data-start=\"5243\" data-end=\"5277\">\n<p data-start=\"5245\" data-end=\"5277\">Rychl\u00e1 komunikace bez callcenter<\/p>\n<\/li>\n<li data-start=\"5278\" data-end=\"5327\">\n<p data-start=\"5280\" data-end=\"5327\">Nez\u00e1visl\u00e9 poradenstv\u00ed a v\u00fdb\u011br z v\u00edce poji\u0161\u0165oven<\/p>\n<\/li>\n<li data-start=\"5328\" data-end=\"5378\">\n<p data-start=\"5330\" data-end=\"5378\">Dlouholet\u00e1 zku\u0161enost s klienty nap\u0159\u00ed\u010d republikou<\/p>\n<\/li>\n<li data-start=\"5379\" data-end=\"5416\">\n<p data-start=\"5381\" data-end=\"5416\">Digit\u00e1ln\u00ed podpora a modern\u00ed p\u0159\u00edstup<\/p>\n<\/li>\n<\/ul>\n<hr data-start=\"5418\" data-end=\"5421\" \/>\n<p data-start=\"5423\" data-end=\"5607\">Pokud hled\u00e1te n\u011bkoho, kdo v\u00e1s nebude tla\u010dit do smlouvy, ale vysv\u011btl\u00ed v\u00e1m, co skute\u010dn\u011b pot\u0159ebujete, jste u n\u00e1s spr\u00e1vn\u011b. Poji\u0161t\u011bn\u00ed nen\u00ed stra\u0161\u00e1k \u2013 s n\u00e1mi je to n\u00e1stroj, kter\u00fd v\u00e1m d\u00e1 klid.<\/p>\n<blockquote>\n<p data-start=\"5423\" data-end=\"5607\"><em><strong>Zeptejte se n\u00e1s, co v\u0161echno v\u00e1m um\u00edme pojistit. Mo\u017en\u00e1 budete p\u0159ekvapeni.<\/strong><\/em><\/p>\n<\/blockquote>\n<p data-start=\"5609\" data-end=\"5682\"><strong data-start=\"5609\" data-end=\"5682\">Nev\u00e1hejte n\u00e1s kontaktovat a zjistit, jak v\u00e1m m\u016f\u017eeme pomoci pr\u00e1v\u011b te\u010f.<\/strong><\/p>\n<p>&nbsp;<\/p>\n\n<div class=\"wpcf7 no-js\" id=\"wpcf7-f52-o1\" lang=\"cs-CZ\" dir=\"ltr\" data-wpcf7-id=\"52\">\n<div class=\"screen-reader-response\"><p role=\"status\" aria-live=\"polite\" aria-atomic=\"true\"><\/p> <ul><\/ul><\/div>\n<form action=\"\/pojisteni\/wp-json\/wp\/v2\/pages\/46#wpcf7-f52-o1\" method=\"post\" class=\"wpcf7-form init\" aria-label=\"Kontaktn\u00ed formul\u00e1\u0159\" novalidate=\"novalidate\" data-status=\"init\">\n<fieldset class=\"hidden-fields-container\"><input type=\"hidden\" name=\"_wpcf7\" value=\"52\" \/><input type=\"hidden\" name=\"_wpcf7_version\" value=\"6.1.2\" \/><input type=\"hidden\" name=\"_wpcf7_locale\" value=\"cs_CZ\" \/><input type=\"hidden\" name=\"_wpcf7_unit_tag\" value=\"wpcf7-f52-o1\" \/><input type=\"hidden\" name=\"_wpcf7_container_post\" value=\"0\" \/><input type=\"hidden\" name=\"_wpcf7_posted_data_hash\" value=\"\" \/>\n<\/fieldset>\n<p><label> Va\u0161e jm\u00e9no<br \/>\n<span class=\"wpcf7-form-control-wrap\" data-name=\"your-name\"><input size=\"40\" maxlength=\"400\" class=\"wpcf7-form-control wpcf7-text wpcf7-validates-as-required\" autocomplete=\"name\" aria-required=\"true\" aria-invalid=\"false\" value=\"\" type=\"text\" name=\"your-name\" \/><\/span> <\/label>\n<\/p>\n<p><label> V\u00e1\u0161 e-mail<br \/>\n<span class=\"wpcf7-form-control-wrap\" data-name=\"your-email\"><input size=\"40\" maxlength=\"400\" class=\"wpcf7-form-control wpcf7-email wpcf7-validates-as-required wpcf7-text wpcf7-validates-as-email\" autocomplete=\"email\" aria-required=\"true\" aria-invalid=\"false\" value=\"\" type=\"email\" name=\"your-email\" \/><\/span> <\/label>\n<\/p>\n<p><label> P\u0159edm\u011bt<br \/>\n<span class=\"wpcf7-form-control-wrap\" data-name=\"your-subject\"><input size=\"40\" maxlength=\"400\" class=\"wpcf7-form-control wpcf7-text wpcf7-validates-as-required\" aria-required=\"true\" aria-invalid=\"false\" value=\"\" type=\"text\" name=\"your-subject\" \/><\/span> <\/label>\n<\/p>\n<p><label> Va\u0161e zpr\u00e1va (voliteln\u00fd)<br \/>\n<span class=\"wpcf7-form-control-wrap\" data-name=\"your-message\"><textarea cols=\"40\" rows=\"10\" maxlength=\"2000\" class=\"wpcf7-form-control wpcf7-textarea\" aria-invalid=\"false\" name=\"your-message\"><\/textarea><\/span> <\/label>\n<\/p>\n<p><input class=\"wpcf7-form-control wpcf7-submit has-spinner\" type=\"submit\" value=\"Odeslat\" \/>\n<\/p><div class=\"wpcf7-response-output\" aria-hidden=\"true\"><\/div>\n<\/form>\n<\/div>\n\n","protected":false},"excerpt":{"rendered":"<p>Kompletn\u00ed poji\u0161t\u011bn\u00ed. Lidsky, f\u00e9rov\u011b, bez \u0159e\u010d\u00ed. Kdy\u017e jde o poji\u0161t\u011bn\u00ed, v\u011bt\u0161ina lid\u00ed mysl\u00ed na povinn\u00e9 ru\u010den\u00ed nebo havarijn\u00ed pojistku. My v 7seven.cz v\u0161ak v\u00edme, \u017ee ochrana m\u00e1 m\u00edt \u0161ir\u0161\u00ed v\u00fdznam \u2013 proto nab\u00edz\u00edme komplexn\u00ed poji\u0161\u0165ovac\u00ed slu\u017eby pro jednotlivce, rodiny i podnikatele. U n\u00e1s nenajdete anonymn\u00ed nab\u00eddky z automatick\u00e9ho srovn\u00e1va\u010de. V\u011bnujeme \u010das tomu, abychom pochopili, co &#8230; <a title=\"Na\u0161e slu\u017eby\" class=\"read-more\" href=\"https:\/\/7seven.cz\/pojisteni\/nase-sluzby\/\" aria-label=\"\u010c\u00edst v\u00edce o Na\u0161e slu\u017eby\">\u010c\u00edst d\u00e1l<\/a><\/p>\n","protected":false},"author":1,"featured_media":0,"parent":0,"menu_order":0,"comment_status":"closed","ping_status":"closed","template":"","meta":{"footnotes":""},"class_list":["post-46","page","type-page","status-publish"],"_links":{"self":[{"href":"https:\/\/7seven.cz\/pojisteni\/wp-json\/wp\/v2\/pages\/46","targetHints":{"allow":["GET"]}}],"collection":[{"href":"https:\/\/7seven.cz\/pojisteni\/wp-json\/wp\/v2\/pages"}],"about":[{"href":"https:\/\/7seven.cz\/pojisteni\/wp-json\/wp\/v2\/types\/page"}],"author":[{"embeddable":true,"href":"https:\/\/7seven.cz\/pojisteni\/wp-json\/wp\/v2\/users\/1"}],"replies":[{"embeddable":true,"href":"https:\/\/7seven.cz\/pojisteni\/wp-json\/wp\/v2\/comments?post=46"}],"version-history":[{"count":5,"href":"https:\/\/7seven.cz\/pojisteni\/wp-json\/wp\/v2\/pages\/46\/revisions"}],"predecessor-version":[{"id":53,"href":"https:\/\/7seven.cz\/pojisteni\/wp-json\/wp\/v2\/pages\/46\/revisions\/53"}],"wp:attachment":[{"href":"https:\/\/7seven.cz\/pojisteni\/wp-json\/wp\/v2\/media?parent=46"}],"curies":[{"name":"wp","href":"https:\/\/api.w.org\/{rel}","templated":true}]}}