{"id":60,"date":"2025-07-31T05:39:43","date_gmt":"2025-07-31T05:39:43","guid":{"rendered":"https:\/\/7seven.cz\/pc-servis\/?page_id=60"},"modified":"2025-07-31T05:39:43","modified_gmt":"2025-07-31T05:39:43","slug":"podminky-gdpr","status":"publish","type":"page","link":"https:\/\/7seven.cz\/pc-servis\/podminky-gdpr\/","title":{"rendered":"Podm\u00ednky GDPR"},"content":{"rendered":"<h1 data-start=\"376\" data-end=\"423\"><strong data-start=\"378\" data-end=\"421\">Z\u00e1sady zpracov\u00e1n\u00ed osobn\u00edch \u00fadaj\u016f (GDPR)<\/strong><\/h1>\n<p data-start=\"424\" data-end=\"533\"><strong data-start=\"424\" data-end=\"502\">platn\u00e9 pro web: <a class=\"\" href=\"https:\/\/7seven.cz\/pc-servis\" target=\"_new\" rel=\"noopener\" data-start=\"442\" data-end=\"500\">https:\/\/7seven.cz\/pc-servis<\/a><\/strong><br data-start=\"502\" data-end=\"505\" \/><strong data-start=\"505\" data-end=\"533\">\u00da\u010dinnost od: 31. 7. 2025<\/strong><\/p>\n<h2 data-start=\"535\" data-end=\"565\">1. Spr\u00e1vce osobn\u00edch \u00fadaj\u016f<\/h2>\n<p data-start=\"566\" data-end=\"817\">Spr\u00e1vcem osobn\u00edch \u00fadaj\u016f ve smyslu \u010dl. 4 odst. 7 na\u0159\u00edzen\u00ed (EU) 2016\/679 je:<\/p>\n<p data-start=\"566\" data-end=\"817\"><br data-start=\"640\" data-end=\"643\" \/><strong data-start=\"643\" data-end=\"659\">Petr Vobo\u0159il, jednatel<\/strong><br data-start=\"659\" data-end=\"662\" \/>Agentura <a href=\"https:\/\/7seven.cz\/\">7Seven.cz<\/a><br data-start=\"680\" data-end=\"683\" \/>U Kamenn\u00fdch L\u00e1zn\u00ed 238\/37, 415 01 Teplice<br data-start=\"723\" data-end=\"726\" \/>I\u010cO: 867 52 421<br data-start=\"741\" data-end=\"744\" \/>E-mail: <a class=\"cursor-pointer\" rel=\"noopener\" data-start=\"752\" data-end=\"766\">info@7seven.cz<\/a><br data-start=\"766\" data-end=\"769\" \/>Telefon: +420 777 977 637<\/p>\n<p data-start=\"566\" data-end=\"817\"><br data-start=\"794\" data-end=\"797\" \/>(d\u00e1le jen \u201espr\u00e1vce\u201c)<\/p>\n<p data-start=\"819\" data-end=\"1011\">Spr\u00e1vce provozuje webovou str\u00e1nku <a class=\"\" href=\"https:\/\/7seven.cz\/pc-servis\" target=\"_new\" rel=\"noopener\" data-start=\"853\" data-end=\"911\">https:\/\/7seven.cz\/pc-servis<\/a> a vystupuje jako zprost\u0159edkovatel technick\u00fdch servisn\u00edch slu\u017eeb v oblasti oprav v\u00fdpo\u010detn\u00ed techniky.<\/p>\n<h2 data-start=\"1013\" data-end=\"1046\">2. Zpracov\u00e1van\u00e9 osobn\u00ed \u00fadaje<\/h2>\n<p data-start=\"1047\" data-end=\"1150\">Spr\u00e1vce zpracov\u00e1v\u00e1 n\u00e1sleduj\u00edc\u00ed osobn\u00ed \u00fadaje, kter\u00e9 mu subjekt \u00fadaj\u016f (u\u017eivatel webu) dobrovoln\u011b poskytl:<\/p>\n<ul data-start=\"1152\" data-end=\"1374\">\n<li data-start=\"1152\" data-end=\"1172\">\n<p data-start=\"1154\" data-end=\"1172\">jm\u00e9no a p\u0159\u00edjmen\u00ed<\/p>\n<\/li>\n<li data-start=\"1173\" data-end=\"1193\">\n<p data-start=\"1175\" data-end=\"1193\">e-mailov\u00e1 adresa<\/p>\n<\/li>\n<li data-start=\"1194\" data-end=\"1213\">\n<p data-start=\"1196\" data-end=\"1213\">telefonn\u00ed \u010d\u00edslo<\/p>\n<\/li>\n<li data-start=\"1214\" data-end=\"1245\">\n<p data-start=\"1216\" data-end=\"1245\">typ a popis z\u00e1vady za\u0159\u00edzen\u00ed<\/p>\n<\/li>\n<li data-start=\"1246\" data-end=\"1303\">\n<p data-start=\"1248\" data-end=\"1303\">adresa pro vyzvednut\u00ed za\u0159\u00edzen\u00ed (je-li slu\u017eba popt\u00e1na)<\/p>\n<\/li>\n<li data-start=\"1304\" data-end=\"1374\">\n<p data-start=\"1306\" data-end=\"1374\">IP adresa a technick\u00e9 \u00fadaje o za\u0159\u00edzen\u00ed u\u017eivatele (p\u0159i n\u00e1v\u0161t\u011bv\u011b webu)<\/p>\n<\/li>\n<\/ul>\n<h2 data-start=\"1376\" data-end=\"1399\">3. \u00da\u010del zpracov\u00e1n\u00ed<\/h2>\n<p data-start=\"1400\" data-end=\"1447\">Osobn\u00ed \u00fadaje jsou zpracov\u00e1v\u00e1ny za t\u011bmito \u00fa\u010dely:<\/p>\n<ul data-start=\"1449\" data-end=\"1907\">\n<li data-start=\"1449\" data-end=\"1556\">\n<p data-start=\"1451\" data-end=\"1556\">vy\u0159\u00edzen\u00ed popt\u00e1vky po oprav\u011b za\u0159\u00edzen\u00ed, zaslan\u00e9 prost\u0159ednictv\u00edm formul\u00e1\u0159e na webu, e-mailu nebo telefonu,<\/p>\n<\/li>\n<li data-start=\"1557\" data-end=\"1614\">\n<p data-start=\"1559\" data-end=\"1614\">zaji\u0161t\u011bn\u00ed komunikace mezi klientem a servisn\u00ed firmou,<\/p>\n<\/li>\n<li data-start=\"1615\" data-end=\"1672\">\n<p data-start=\"1617\" data-end=\"1672\">veden\u00ed \u00fa\u010detnictv\u00ed a evidence dle z\u00e1konn\u00fdch po\u017eadavk\u016f,<\/p>\n<\/li>\n<li data-start=\"1673\" data-end=\"1733\">\n<p data-start=\"1675\" data-end=\"1733\">pln\u011bn\u00ed smluvn\u00edho vztahu dle \u010dl. 6 odst. 1 p\u00edsm. b) GDPR,<\/p>\n<\/li>\n<li data-start=\"1734\" data-end=\"1847\">\n<p data-start=\"1736\" data-end=\"1847\">opr\u00e1vn\u011bn\u00fd z\u00e1jem spr\u00e1vce dle \u010dl. 6 odst. 1 p\u00edsm. f) GDPR (nap\u0159. ochrana pr\u00e1v a majetku, obrana proti n\u00e1rok\u016fm),<\/p>\n<\/li>\n<li data-start=\"1848\" data-end=\"1907\">\n<p data-start=\"1850\" data-end=\"1907\">pln\u011bn\u00ed pr\u00e1vn\u00ed povinnosti dle \u010dl. 6 odst. 1 p\u00edsm. c) GDPR.<\/p>\n<\/li>\n<\/ul>\n<h2 data-start=\"1909\" data-end=\"1936\">4. Doba uchov\u00e1n\u00ed \u00fadaj\u016f<\/h2>\n<p data-start=\"1937\" data-end=\"2004\">Osobn\u00ed \u00fadaje jsou uchov\u00e1v\u00e1ny po dobu nezbytn\u011b nutnou, nejd\u00e9le v\u0161ak:<\/p>\n<ul data-start=\"2006\" data-end=\"2234\">\n<li data-start=\"2006\" data-end=\"2078\">\n<p data-start=\"2008\" data-end=\"2078\">po dobu 3 let od posledn\u00ed komunikace (v p\u0159\u00edpad\u011b neuzav\u0159en\u00ed smlouvy),<\/p>\n<\/li>\n<li data-start=\"2079\" data-end=\"2176\">\n<p data-start=\"2081\" data-end=\"2176\">po dobu 5 let od poskytnut\u00ed slu\u017eby (v p\u0159\u00edpad\u011b fakturace a archivace dle z\u00e1kona o \u00fa\u010detnictv\u00ed),<\/p>\n<\/li>\n<li data-start=\"2177\" data-end=\"2234\">\n<p data-start=\"2179\" data-end=\"2234\">nebo po dobu vypl\u00fdvaj\u00edc\u00ed z konkr\u00e9tn\u00ed pr\u00e1vn\u00ed povinnosti.<\/p>\n<\/li>\n<\/ul>\n<p data-start=\"2236\" data-end=\"2300\">Po uplynut\u00ed doby jsou \u00fadaje anonymizov\u00e1ny nebo bezpe\u010dn\u011b smaz\u00e1ny.<\/p>\n<h2 data-start=\"2302\" data-end=\"2333\">5. P\u0159\u00edjemci osobn\u00edch \u00fadaj\u016f<\/h2>\n<p data-start=\"2334\" data-end=\"2398\">Osobn\u00ed \u00fadaje mohou b\u00fdt p\u0159ed\u00e1ny n\u00e1sleduj\u00edc\u00edm kategori\u00edm p\u0159\u00edjemc\u016f:<\/p>\n<ul data-start=\"2400\" data-end=\"2655\">\n<li data-start=\"2400\" data-end=\"2458\">\n<p data-start=\"2402\" data-end=\"2458\">partnersk\u00e9 servisn\u00ed firmy zaji\u0161\u0165uj\u00edc\u00ed opravu techniky,<\/p>\n<\/li>\n<li data-start=\"2459\" data-end=\"2516\">\n<p data-start=\"2461\" data-end=\"2516\">\u00fa\u010detn\u00ed firma zaji\u0161\u0165uj\u00edc\u00ed zpracov\u00e1n\u00ed da\u0148ov\u00fdch doklad\u016f,<\/p>\n<\/li>\n<li data-start=\"2517\" data-end=\"2590\">\n<p data-start=\"2519\" data-end=\"2590\">poskytovatel\u00e9 webhostingu a e-mailov\u00fdch slu\u017eeb (nap\u0159. Wedos, Google),<\/p>\n<\/li>\n<li data-start=\"2591\" data-end=\"2655\">\n<p data-start=\"2593\" data-end=\"2655\">p\u0159\u00edpadn\u011b org\u00e1ny st\u00e1tn\u00ed spr\u00e1vy p\u0159i pln\u011bn\u00ed z\u00e1konn\u00fdch povinnost\u00ed.<\/p>\n<\/li>\n<\/ul>\n<p data-start=\"2657\" data-end=\"2756\">P\u0159ed\u00e1n\u00ed \u00fadaj\u016f se d\u011bje v\u017edy na z\u00e1klad\u011b smluvn\u00edho z\u00e1vazku ml\u010denlivosti a zaji\u0161t\u011bn\u00ed bezpe\u010dnosti \u00fadaj\u016f.<\/p>\n<h2 data-start=\"2758\" data-end=\"2786\">6. Pr\u00e1va subjektu \u00fadaj\u016f<\/h2>\n<p data-start=\"2787\" data-end=\"2833\">Subjekt \u00fadaj\u016f m\u00e1 n\u00e1sleduj\u00edc\u00ed pr\u00e1va podle GDPR:<\/p>\n<ul data-start=\"2835\" data-end=\"3313\">\n<li data-start=\"2835\" data-end=\"2895\">\n<p data-start=\"2837\" data-end=\"2895\"><strong data-start=\"2837\" data-end=\"2857\">pr\u00e1vo na p\u0159\u00edstup<\/strong> ke sv\u00fdm osobn\u00edm \u00fadaj\u016fm (\u00a7 15 GDPR),<\/p>\n<\/li>\n<li data-start=\"2896\" data-end=\"2967\">\n<p data-start=\"2898\" data-end=\"2967\"><strong data-start=\"2898\" data-end=\"2917\">pr\u00e1vo na opravu<\/strong> nep\u0159esn\u00fdch nebo neaktu\u00e1ln\u00edch \u00fadaj\u016f (\u00a7 16 GDPR),<\/p>\n<\/li>\n<li data-start=\"2968\" data-end=\"3059\">\n<p data-start=\"2970\" data-end=\"3059\"><strong data-start=\"2970\" data-end=\"2988\">pr\u00e1vo na v\u00fdmaz<\/strong> (\u201epr\u00e1vo b\u00fdt zapomenut\u201c) v z\u00e1konem stanoven\u00fdch p\u0159\u00edpadech (\u00a7 17 GDPR),<\/p>\n<\/li>\n<li data-start=\"3060\" data-end=\"3108\">\n<p data-start=\"3062\" data-end=\"3108\"><strong data-start=\"3062\" data-end=\"3093\">pr\u00e1vo na omezen\u00ed zpracov\u00e1n\u00ed<\/strong> (\u00a7 18 GDPR),<\/p>\n<\/li>\n<li data-start=\"3109\" data-end=\"3159\">\n<p data-start=\"3111\" data-end=\"3159\"><strong data-start=\"3111\" data-end=\"3144\">pr\u00e1vo na p\u0159enositelnost \u00fadaj\u016f<\/strong> (\u00a7 20 GDPR),<\/p>\n<\/li>\n<li data-start=\"3160\" data-end=\"3218\">\n<p data-start=\"3162\" data-end=\"3218\"><strong data-start=\"3162\" data-end=\"3186\">pr\u00e1vo vzn\u00e9st n\u00e1mitku<\/strong> proti zpracov\u00e1n\u00ed (\u00a7 21 GDPR),<\/p>\n<\/li>\n<li data-start=\"3219\" data-end=\"3313\">\n<p data-start=\"3221\" data-end=\"3313\"><strong data-start=\"3221\" data-end=\"3245\">pr\u00e1vo podat st\u00ed\u017enost<\/strong> u dozorov\u00e9ho org\u00e1nu (\u00da\u0159ad pro ochranu osobn\u00edch \u00fadaj\u016f, <a class=\"cursor-pointer\" target=\"_new\" rel=\"noopener\" data-start=\"3300\" data-end=\"3311\">www.uoou.cz<\/a>).<\/p>\n<\/li>\n<\/ul>\n<p data-start=\"3315\" data-end=\"3402\">Ve\u0161ker\u00e1 pr\u00e1va lze uplatnit e-mailem na adrese: <a class=\"cursor-pointer\" rel=\"noopener\" data-start=\"3362\" data-end=\"3401\">info@7seven.cz<\/a>.<\/p>\n<h2 data-start=\"3404\" data-end=\"3438\">7. Zabezpe\u010den\u00ed osobn\u00edch \u00fadaj\u016f<\/h2>\n<p data-start=\"3439\" data-end=\"3588\">Spr\u00e1vce prohla\u0161uje, \u017ee p\u0159ijal ve\u0161ker\u00e1 technick\u00e1 a organiza\u010dn\u00ed opat\u0159en\u00ed k zabezpe\u010den\u00ed osobn\u00edch \u00fadaj\u016f proti neopr\u00e1vn\u011bn\u00e9mu p\u0159\u00edstupu, zneu\u017eit\u00ed \u010di ztr\u00e1t\u011b.<\/p>\n<p data-start=\"3590\" data-end=\"3678\">Data jsou ukl\u00e1d\u00e1na na chr\u00e1n\u011bn\u00fdch serverech s omezen\u00fdm p\u0159\u00edstupem a pravideln\u011b z\u00e1lohov\u00e1na.<\/p>\n<h2 data-start=\"3680\" data-end=\"3728\">8. Automatizovan\u00e9 rozhodov\u00e1n\u00ed a profilov\u00e1n\u00ed<\/h2>\n<p data-start=\"3729\" data-end=\"3812\">Spr\u00e1vce neprov\u00e1d\u00ed \u017e\u00e1dn\u00e9 automatizovan\u00e9 rozhodov\u00e1n\u00ed ani profilov\u00e1n\u00ed dle \u010dl. 22 GDPR.<\/p>\n<h2 data-start=\"3814\" data-end=\"3839\">9. Pou\u017e\u00edv\u00e1n\u00ed cookies<\/h2>\n<p data-start=\"3840\" data-end=\"3937\">Web vyu\u017e\u00edv\u00e1 tzv. cookies \u2013 mal\u00e9 textov\u00e9 soubory ukl\u00e1dan\u00e9 do za\u0159\u00edzen\u00ed u\u017eivatele, kter\u00e9 slou\u017e\u00ed pro:<\/p>\n<ul data-start=\"3939\" data-end=\"4077\">\n<li data-start=\"3939\" data-end=\"3966\">\n<p data-start=\"3941\" data-end=\"3966\">spr\u00e1vn\u00e9 fungov\u00e1n\u00ed webu,<\/p>\n<\/li>\n<li data-start=\"3967\" data-end=\"4017\">\n<p data-start=\"3969\" data-end=\"4017\">anal\u00fdzu n\u00e1v\u0161t\u011bvnosti (nap\u0159. Google Analytics),<\/p>\n<\/li>\n<li data-start=\"4018\" data-end=\"4077\">\n<p data-start=\"4020\" data-end=\"4077\">p\u0159\u00edpadn\u011b marketingov\u00e9 \u00fa\u010dely (Google Ads, Facebook Pixel).<\/p>\n<\/li>\n<\/ul>\n<p data-start=\"4079\" data-end=\"4215\">P\u0159i prvn\u00ed n\u00e1v\u0161t\u011bv\u011b webu je u\u017eivateli zobrazena v\u00fdzva k ud\u011blen\u00ed souhlasu s pou\u017eit\u00edm cookies. U\u017eivatel m\u00e1 mo\u017enost souhlas kdykoli odvolat.<\/p>\n<h2 data-start=\"4217\" data-end=\"4246\">10. Z\u00e1v\u011bre\u010dn\u00e1 ustanoven\u00ed<\/h2>\n<p data-start=\"4247\" data-end=\"4393\">Tyto z\u00e1sady jsou \u00fa\u010dinn\u00e9 od; 31. 7. 2025.<br data-start=\"4286\" data-end=\"4289\" \/>Spr\u00e1vce si vyhrazuje pr\u00e1vo je kdykoli upravit, a to zejm\u00e9na p\u0159i zm\u011bn\u011b pr\u00e1vn\u00ed \u00fapravy nebo rozsahu slu\u017eeb.<\/p>\n","protected":false},"excerpt":{"rendered":"<p>Z\u00e1sady zpracov\u00e1n\u00ed osobn\u00edch \u00fadaj\u016f (GDPR) platn\u00e9 pro web: https:\/\/7seven.cz\/pc-servis\u00da\u010dinnost od: 31. 7. 2025 1. Spr\u00e1vce osobn\u00edch \u00fadaj\u016f Spr\u00e1vcem osobn\u00edch \u00fadaj\u016f ve smyslu \u010dl. 4 odst. 7 na\u0159\u00edzen\u00ed (EU) 2016\/679 je: Petr Vobo\u0159il, jednatelAgentura 7Seven.czU Kamenn\u00fdch L\u00e1zn\u00ed 238\/37, 415 01 TepliceI\u010cO: 867 52 421E-mail: info@7seven.czTelefon: +420 777 977 637 (d\u00e1le jen \u201espr\u00e1vce\u201c) Spr\u00e1vce provozuje webovou str\u00e1nku &#8230; <a title=\"Podm\u00ednky GDPR\" class=\"read-more\" href=\"https:\/\/7seven.cz\/pc-servis\/podminky-gdpr\/\" aria-label=\"\u010c\u00edst v\u00edce o Podm\u00ednky GDPR\">\u010c\u00edst d\u00e1l<\/a><\/p>\n","protected":false},"author":1,"featured_media":0,"parent":0,"menu_order":0,"comment_status":"closed","ping_status":"closed","template":"","meta":{"footnotes":""},"class_list":["post-60","page","type-page","status-publish"],"_links":{"self":[{"href":"https:\/\/7seven.cz\/pc-servis\/wp-json\/wp\/v2\/pages\/60","targetHints":{"allow":["GET"]}}],"collection":[{"href":"https:\/\/7seven.cz\/pc-servis\/wp-json\/wp\/v2\/pages"}],"about":[{"href":"https:\/\/7seven.cz\/pc-servis\/wp-json\/wp\/v2\/types\/page"}],"author":[{"embeddable":true,"href":"https:\/\/7seven.cz\/pc-servis\/wp-json\/wp\/v2\/users\/1"}],"replies":[{"embeddable":true,"href":"https:\/\/7seven.cz\/pc-servis\/wp-json\/wp\/v2\/comments?post=60"}],"version-history":[{"count":1,"href":"https:\/\/7seven.cz\/pc-servis\/wp-json\/wp\/v2\/pages\/60\/revisions"}],"predecessor-version":[{"id":61,"href":"https:\/\/7seven.cz\/pc-servis\/wp-json\/wp\/v2\/pages\/60\/revisions\/61"}],"wp:attachment":[{"href":"https:\/\/7seven.cz\/pc-servis\/wp-json\/wp\/v2\/media?parent=60"}],"curies":[{"name":"wp","href":"https:\/\/api.w.org\/{rel}","templated":true}]}}