{"id":48,"date":"2025-07-26T15:19:15","date_gmt":"2025-07-26T15:19:15","guid":{"rendered":"https:\/\/7seven.cz\/helpforseniors\/?page_id=48"},"modified":"2025-07-26T15:19:47","modified_gmt":"2025-07-26T15:19:47","slug":"kontakt","status":"publish","type":"page","link":"https:\/\/7seven.cz\/helpforseniors\/kontakt\/","title":{"rendered":"Kontakt"},"content":{"rendered":"<p class=\"\" data-start=\"3069\" data-end=\"3139\">V p\u0159\u00edpad\u011b dotaz\u016f nebo uplatn\u011bn\u00ed va\u0161ich pr\u00e1v n\u00e1s m\u016f\u017eete kdykoliv kontaktovat;<\/p>\n<p class=\"\" data-start=\"3141\" data-end=\"3266\"><strong data-start=\"3141\" data-end=\"3157\">Petr Vobo\u0159il \u2014 7seven.cz<\/strong><br data-start=\"3157\" data-end=\"3160\" \/>U Kamenn\u00fdch L\u00e1zn\u00ed 238\/37<br data-start=\"3181\" data-end=\"3184\" \/>415 01 Teplice<br data-start=\"3198\" data-end=\"3201\" \/>E-mail: info@7seven.cz<br data-start=\"3229\" data-end=\"3232\" \/>Telefon: +420 777 977 637<br \/>\nI\u010cO: 867 52 421<\/p>\n<hr \/>\n<h2 data-start=\"102\" data-end=\"134\">Napi\u0161te n\u00e1m \u2013 jsme tu pro v\u00e1s<\/h2>\n<p data-start=\"136\" data-end=\"292\"><strong data-start=\"136\" data-end=\"208\">A\u0165 u\u017e pot\u0159ebujete radu, pomoc nebo se jen na n\u011bco zeptat, ozv\u011bte se.<\/strong><\/p>\n<p data-start=\"3141\" data-end=\"3266\"><style id=\"wpforms-css-vars-39\">\n\t\t\t\t#wpforms-39 {\n\t\t\t\t\n\t\t\t}\n\t\t\t<\/style><div class=\"wpforms-container wpforms-container-full wpforms-render-modern\" id=\"wpforms-39\"><form id=\"wpforms-form-39\" class=\"wpforms-validate wpforms-form wpforms-ajax-form\" data-formid=\"39\" method=\"post\" enctype=\"multipart\/form-data\" action=\"\/helpforseniors\/wp-json\/wp\/v2\/pages\/48\" data-token=\"e32e654cc933cacfce4fc3fec1b02955\" data-token-time=\"1776693690\"><div class=\"wpforms-head-container\"><\/div><noscript class=\"wpforms-error-noscript\">Chcete-li vyplnit tento formul\u00e1\u0159, pros\u00edm povolte v prohl\u00ed\u017ee\u010di JavaScript.<\/noscript><div id=\"wpforms-error-noscript\" style=\"display: none;\">Chcete-li vyplnit tento formul\u00e1\u0159, pros\u00edm povolte v prohl\u00ed\u017ee\u010di JavaScript.<\/div><div class=\"wpforms-field-container\"><div id=\"wpforms-39-field_1-container\" class=\"wpforms-field wpforms-field-name\" data-field-id=\"1\"><fieldset><legend class=\"wpforms-field-label\">Jm\u00e9no a p\u0159\u00edjmen\u00ed <span class=\"wpforms-required-label\" aria-hidden=\"true\">*<\/span><\/legend><div class=\"wpforms-field-row wpforms-field-large\"><div class=\"wpforms-field-row-block wpforms-first wpforms-one-half\"><input type=\"text\" id=\"wpforms-39-field_1\" class=\"wpforms-field-name-first wpforms-field-required\" name=\"wpforms[fields][1][first]\" aria-errormessage=\"wpforms-39-field_1-error\" required><label for=\"wpforms-39-field_1\" class=\"wpforms-field-sublabel after\">K\u0159estn\u00ed jm\u00e9no<\/label><\/div><div class=\"wpforms-field-row-block wpforms-one-half\"><input type=\"text\" id=\"wpforms-39-field_1-last\" class=\"wpforms-field-name-last wpforms-field-required\" name=\"wpforms[fields][1][last]\" aria-errormessage=\"wpforms-39-field_1-last-error\" required><label for=\"wpforms-39-field_1-last\" class=\"wpforms-field-sublabel after\">P\u0159\u00edjmen\u00ed<\/label><\/div><\/div><\/fieldset><\/div><div id=\"wpforms-39-field_2-container\" class=\"wpforms-field wpforms-field-email\" data-field-id=\"2\"><label class=\"wpforms-field-label\" for=\"wpforms-39-field_2\">E-mail<\/label><input type=\"email\" id=\"wpforms-39-field_2\" class=\"wpforms-field-medium\" name=\"wpforms[fields][2]\" spellcheck=\"false\" aria-errormessage=\"wpforms-39-field_2-error\" ><\/div>\t\t<div id=\"wpforms-39-field_3-container\"\n\t\t\tclass=\"wpforms-field wpforms-field-text\"\n\t\t\tdata-field-type=\"text\"\n\t\t\tdata-field-id=\"3\"\n\t\t\t>\n\t\t\t<label class=\"wpforms-field-label\" for=\"wpforms-39-field_3\" >p\u0159\u00edjmen\u00ed a Jm\u00e9no<\/label>\n\t\t\t<input type=\"text\" id=\"wpforms-39-field_3\" class=\"wpforms-field-medium\" name=\"wpforms[fields][3]\" >\n\t\t<\/div>\n\t\t<div id=\"wpforms-39-field_7-container\" class=\"wpforms-field wpforms-field-select wpforms-field-select-style-classic\" data-field-id=\"7\"><label class=\"wpforms-field-label\" for=\"wpforms-39-field_7\">\u010ceho se dotaz t\u00fdk\u00e1<\/label><select id=\"wpforms-39-field_7\" class=\"wpforms-field-medium\" name=\"wpforms[fields][7]\"><option value=\"Pomoc s bydlen\u00edm a dom\u00e1cnost\u00ed\"  class=\"choice-1 depth-1\"  >Pomoc s bydlen\u00edm a dom\u00e1cnost\u00ed<\/option><option value=\"Doprava a doprovod k l\u00e9ka\u0159i, na \u00fa\u0159ady\"  class=\"choice-2 depth-1\"  >Doprava a doprovod k l\u00e9ka\u0159i, na \u00fa\u0159ady<\/option><option value=\"Zdravotn\u00ed a dom\u00e1c\u00ed p\u00e9\u010de\"  class=\"choice-3 depth-1\"  >Zdravotn\u00ed a dom\u00e1c\u00ed p\u00e9\u010de<\/option><option value=\"Ochrana p\u0159ed podvodn\u00edky a manipulac\u00ed\"  class=\"choice-4 depth-1\"  >Ochrana p\u0159ed podvodn\u00edky a manipulac\u00ed<\/option><option value=\"N\u011bco jin\u00e9ho...\"  class=\"choice-5 depth-1\"  >N\u011bco jin\u00e9ho...<\/option><\/select><\/div><div id=\"wpforms-39-field_4-container\" class=\"wpforms-field wpforms-field-textarea\" data-field-id=\"4\"><label class=\"wpforms-field-label\" for=\"wpforms-39-field_4\">Vzkaz<\/label><textarea id=\"wpforms-39-field_4\" class=\"wpforms-field-medium\" name=\"wpforms[fields][4]\" aria-errormessage=\"wpforms-39-field_4-error\" ><\/textarea><\/div><script>\n\t\t\t\t( function() {\n\t\t\t\t\tconst style = document.createElement( 'style' );\n\t\t\t\t\tstyle.appendChild( document.createTextNode( '#wpforms-39-field_3-container { position: absolute !important; overflow: hidden !important; display: inline !important; height: 1px !important; width: 1px !important; z-index: -1000 !important; padding: 0 !important; } #wpforms-39-field_3-container input { visibility: hidden; } #wpforms-conversational-form-page #wpforms-39-field_3-container label { counter-increment: none; }' ) );\n\t\t\t\t\tdocument.head.appendChild( style );\n\t\t\t\t\tdocument.currentScript?.remove();\n\t\t\t\t} )();\n\t\t\t<\/script><\/div><!-- .wpforms-field-container --><div class=\"wpforms-submit-container\" ><input type=\"hidden\" name=\"wpforms[id]\" value=\"39\"><input type=\"hidden\" name=\"page_title\" value=\"\"><input type=\"hidden\" name=\"page_url\" value=\"https:\/\/7seven.cz\/helpforseniors\/wp-json\/wp\/v2\/pages\/48\"><input type=\"hidden\" name=\"url_referer\" value=\"\"><button type=\"submit\" name=\"wpforms[submit]\" id=\"wpforms-submit-39\" class=\"wpforms-submit\" data-alt-text=\"Odes\u00edl\u00e1ni...\" data-submit-text=\"Odeslat\" aria-live=\"assertive\" value=\"wpforms-submit\">Odeslat<\/button><img loading=\"lazy\" decoding=\"async\" src=\"https:\/\/7seven.cz\/helpforseniors\/wp-content\/plugins\/wpforms-lite\/assets\/images\/submit-spin.svg\" class=\"wpforms-submit-spinner\" style=\"display: none;\" width=\"26\" height=\"26\" alt=\"Na\u010d\u00edt\u00e1n\u00ed\"><\/div><\/form><\/div>  <!-- .wpforms-container --><\/p>\n","protected":false},"excerpt":{"rendered":"<p>V p\u0159\u00edpad\u011b dotaz\u016f nebo uplatn\u011bn\u00ed va\u0161ich pr\u00e1v n\u00e1s m\u016f\u017eete kdykoliv kontaktovat; Petr Vobo\u0159il \u2014 7seven.czU Kamenn\u00fdch L\u00e1zn\u00ed 238\/37415 01 TepliceE-mail: info@7seven.czTelefon: +420 777 977 637 I\u010cO: 867 52 421 Napi\u0161te n\u00e1m \u2013 jsme tu pro v\u00e1s A\u0165 u\u017e pot\u0159ebujete radu, pomoc nebo se jen na n\u011bco zeptat, ozv\u011bte se.<\/p>\n","protected":false},"author":1,"featured_media":0,"parent":0,"menu_order":0,"comment_status":"closed","ping_status":"closed","template":"","meta":{"footnotes":""},"class_list":["post-48","page","type-page","status-publish"],"_links":{"self":[{"href":"https:\/\/7seven.cz\/helpforseniors\/wp-json\/wp\/v2\/pages\/48","targetHints":{"allow":["GET"]}}],"collection":[{"href":"https:\/\/7seven.cz\/helpforseniors\/wp-json\/wp\/v2\/pages"}],"about":[{"href":"https:\/\/7seven.cz\/helpforseniors\/wp-json\/wp\/v2\/types\/page"}],"author":[{"embeddable":true,"href":"https:\/\/7seven.cz\/helpforseniors\/wp-json\/wp\/v2\/users\/1"}],"replies":[{"embeddable":true,"href":"https:\/\/7seven.cz\/helpforseniors\/wp-json\/wp\/v2\/comments?post=48"}],"version-history":[{"count":2,"href":"https:\/\/7seven.cz\/helpforseniors\/wp-json\/wp\/v2\/pages\/48\/revisions"}],"predecessor-version":[{"id":50,"href":"https:\/\/7seven.cz\/helpforseniors\/wp-json\/wp\/v2\/pages\/48\/revisions\/50"}],"wp:attachment":[{"href":"https:\/\/7seven.cz\/helpforseniors\/wp-json\/wp\/v2\/media?parent=48"}],"curies":[{"name":"wp","href":"https:\/\/api.w.org\/{rel}","templated":true}]}}