{"id":53,"date":"2025-07-25T12:47:40","date_gmt":"2025-07-25T12:47:40","guid":{"rendered":"https:\/\/7seven.cz\/catering\/?page_id=53"},"modified":"2025-07-25T12:47:40","modified_gmt":"2025-07-25T12:47:40","slug":"podminky-gdpr","status":"publish","type":"page","link":"https:\/\/7seven.cz\/catering\/podminky-gdpr\/","title":{"rendered":"Podm\u00ednky GDPR"},"content":{"rendered":"<h2 data-start=\"168\" data-end=\"214\">Z\u00e1sady zpracov\u00e1n\u00ed osobn\u00edch \u00fadaj\u016f (GDPR)<\/h2>\n<p data-start=\"216\" data-end=\"384\"><strong data-start=\"216\" data-end=\"233\">Provozovatel:<\/strong><br data-start=\"233\" data-end=\"236\" \/>7seven.cz\/catering<br data-start=\"254\" data-end=\"257\" \/>Petr Vobo\u0159il<br data-start=\"269\" data-end=\"272\" \/>U Kamenn\u00fdch L\u00e1zn\u00ed 238\/37<br data-start=\"296\" data-end=\"299\" \/>415 01 Teplice<br data-start=\"313\" data-end=\"316\" \/>I\u010cO: 867 52 421<br data-start=\"331\" data-end=\"334\" \/>E-mail: <a class=\"cursor-pointer\" rel=\"noopener\" data-start=\"342\" data-end=\"356\">info@7seven.cz<\/a><br data-start=\"356\" data-end=\"359\" \/>Telefon: +420 777 977 637<\/p>\n<hr data-start=\"386\" data-end=\"389\" \/>\n<h3 data-start=\"391\" data-end=\"421\"><strong data-start=\"395\" data-end=\"421\">1. Z\u00e1kladn\u00ed ustanoven\u00ed<\/strong><\/h3>\n<p data-start=\"423\" data-end=\"661\">Provozovatel webu a poskytovatel cateringov\u00fdch slu\u017eeb zpracov\u00e1v\u00e1 osobn\u00ed \u00fadaje n\u00e1v\u0161t\u011bvn\u00edk\u016f webu a sv\u00fdch klient\u016f v souladu s na\u0159\u00edzen\u00edm Evropsk\u00e9ho parlamentu a Rady (EU) 2016\/679 (GDPR) a z\u00e1konem \u010d. 110\/2019 Sb., o zpracov\u00e1n\u00ed osobn\u00edch \u00fadaj\u016f.<\/p>\n<hr data-start=\"663\" data-end=\"666\" \/>\n<h3 data-start=\"668\" data-end=\"706\"><strong data-start=\"672\" data-end=\"706\">2. Rozsah zpracov\u00e1van\u00fdch \u00fadaj\u016f<\/strong><\/h3>\n<p data-start=\"708\" data-end=\"779\">Zpracov\u00e1v\u00e1me pouze ty \u00fadaje, kter\u00e9 n\u00e1m sami poskytnete prost\u0159ednictv\u00edm:<\/p>\n<ul data-start=\"781\" data-end=\"937\">\n<li data-start=\"781\" data-end=\"805\">\n<p data-start=\"783\" data-end=\"805\">kontaktn\u00edho formul\u00e1\u0159e,<\/p>\n<\/li>\n<li data-start=\"806\" data-end=\"848\">\n<p data-start=\"808\" data-end=\"848\">popt\u00e1vky slu\u017eby (e-mailem, telefonicky),<\/p>\n<\/li>\n<li data-start=\"849\" data-end=\"900\">\n<p data-start=\"851\" data-end=\"900\">registrace k odb\u011bru novinek (pokud bude aktivn\u00ed),<\/p>\n<\/li>\n<li data-start=\"901\" data-end=\"937\">\n<p data-start=\"903\" data-end=\"937\">a p\u0159i fakturaci \u010di pln\u011bn\u00ed zak\u00e1zky.<\/p>\n<\/li>\n<\/ul>\n<p data-start=\"939\" data-end=\"1031\">Typicky jde o: jm\u00e9no, p\u0159\u00edjmen\u00ed, e-mail, telefon, adresa, faktura\u010dn\u00ed \u00fadaje a popis po\u017eadavku.<\/p>\n<hr data-start=\"1033\" data-end=\"1036\" \/>\n<h3 data-start=\"1038\" data-end=\"1064\"><strong data-start=\"1042\" data-end=\"1064\">3. \u00da\u010del zpracov\u00e1n\u00ed<\/strong><\/h3>\n<p data-start=\"1066\" data-end=\"1108\">Osobn\u00ed \u00fadaje zpracov\u00e1v\u00e1me za t\u011bmito \u00fa\u010dely:<\/p>\n<ul data-start=\"1110\" data-end=\"1268\">\n<li data-start=\"1110\" data-end=\"1143\">\n<p data-start=\"1112\" data-end=\"1143\">odpov\u011b\u010f na dotaz nebo popt\u00e1vku,<\/p>\n<\/li>\n<li data-start=\"1144\" data-end=\"1186\">\n<p data-start=\"1146\" data-end=\"1186\">vy\u0159\u00edzen\u00ed objedn\u00e1vky a poskytnut\u00ed slu\u017eeb,<\/p>\n<\/li>\n<li data-start=\"1187\" data-end=\"1216\">\n<p data-start=\"1189\" data-end=\"1216\">vystaven\u00ed da\u0148ov\u00fdch doklad\u016f,<\/p>\n<\/li>\n<li data-start=\"1217\" data-end=\"1237\">\n<p data-start=\"1219\" data-end=\"1237\">veden\u00ed \u00fa\u010detnictv\u00ed,<\/p>\n<\/li>\n<li data-start=\"1238\" data-end=\"1268\">\n<p data-start=\"1240\" data-end=\"1268\">pln\u011bn\u00ed z\u00e1konn\u00fdch povinnost\u00ed.<\/p>\n<\/li>\n<\/ul>\n<hr data-start=\"1270\" data-end=\"1273\" \/>\n<h3 data-start=\"1275\" data-end=\"1310\"><strong data-start=\"1279\" data-end=\"1310\">4. Pr\u00e1vn\u00ed z\u00e1klad zpracov\u00e1n\u00ed<\/strong><\/h3>\n<p data-start=\"1312\" data-end=\"1347\">Va\u0161e \u00fadaje zpracov\u00e1v\u00e1me na z\u00e1klad\u011b:<\/p>\n<ul data-start=\"1349\" data-end=\"1589\">\n<li data-start=\"1349\" data-end=\"1398\">\n<p data-start=\"1351\" data-end=\"1398\"><strong data-start=\"1351\" data-end=\"1371\">smluvn\u00edho vztahu<\/strong> (nap\u0159. objedn\u00e1vka slu\u017eby),<\/p>\n<\/li>\n<li data-start=\"1399\" data-end=\"1468\">\n<p data-start=\"1401\" data-end=\"1468\"><strong data-start=\"1401\" data-end=\"1422\">opr\u00e1vn\u011bn\u00e9ho z\u00e1jmu<\/strong> (zlep\u0161ov\u00e1n\u00ed slu\u017eeb, komunikace se z\u00e1kazn\u00edky),<\/p>\n<\/li>\n<li data-start=\"1469\" data-end=\"1529\">\n<p data-start=\"1471\" data-end=\"1529\"><strong data-start=\"1471\" data-end=\"1492\">pr\u00e1vn\u00ed povinnosti<\/strong> (nap\u0159. \u00fa\u010detnictv\u00ed, da\u0148ov\u00e1 evidence),<\/p>\n<\/li>\n<li data-start=\"1530\" data-end=\"1589\">\n<p data-start=\"1532\" data-end=\"1589\">nebo <strong data-start=\"1537\" data-end=\"1549\">souhlasu<\/strong> (v p\u0159\u00edpad\u011b marketingu, odb\u011bru novinek).<\/p>\n<\/li>\n<\/ul>\n<hr data-start=\"1591\" data-end=\"1594\" \/>\n<h3 data-start=\"1596\" data-end=\"1621\"><strong data-start=\"1600\" data-end=\"1621\">5. P\u0159\u00edjemci \u00fadaj\u016f<\/strong><\/h3>\n<p data-start=\"1623\" data-end=\"1675\">Va\u0161e \u00fadaje neposkytujeme t\u0159et\u00edm stran\u00e1m, s v\u00fdjimkou:<\/p>\n<ul data-start=\"1677\" data-end=\"1828\">\n<li data-start=\"1677\" data-end=\"1740\">\n<p data-start=\"1679\" data-end=\"1740\">poskytovatel\u016f webhostingu a e-mailov\u00fdch slu\u017eeb (nap\u0159. Wedos),<\/p>\n<\/li>\n<li data-start=\"1741\" data-end=\"1780\">\n<p data-start=\"1743\" data-end=\"1780\">\u00fa\u010detn\u00ed slu\u017eby a da\u0148ov\u00e9ho poradenstv\u00ed,<\/p>\n<\/li>\n<li data-start=\"1781\" data-end=\"1828\">\n<p data-start=\"1783\" data-end=\"1828\">org\u00e1n\u016f ve\u0159ejn\u00e9 moci, pokud to vy\u017eaduje z\u00e1kon.<\/p>\n<\/li>\n<\/ul>\n<hr data-start=\"1830\" data-end=\"1833\" \/>\n<h3 data-start=\"1835\" data-end=\"1865\"><strong data-start=\"1839\" data-end=\"1865\">6. Doba uchov\u00e1n\u00ed \u00fadaj\u016f<\/strong><\/h3>\n<p data-start=\"1867\" data-end=\"1884\">\u00dadaje uchov\u00e1v\u00e1me:<\/p>\n<ul data-start=\"1886\" data-end=\"2034\">\n<li data-start=\"1886\" data-end=\"1968\">\n<p data-start=\"1888\" data-end=\"1968\">po dobu trv\u00e1n\u00ed spolupr\u00e1ce a 10 let po jej\u00edm skon\u010den\u00ed (z d\u016fvodu da\u0148ov\u00e9 evidence),<\/p>\n<\/li>\n<li data-start=\"1969\" data-end=\"2034\">\n<p data-start=\"1971\" data-end=\"2034\">nebo do doby, ne\u017e odvol\u00e1te sv\u016fj souhlas (v p\u0159\u00edpad\u011b marketingu).<\/p>\n<\/li>\n<\/ul>\n<hr data-start=\"2036\" data-end=\"2039\" \/>\n<h3 data-start=\"2041\" data-end=\"2072\"><strong data-start=\"2045\" data-end=\"2072\">7. Pr\u00e1va subjektu \u00fadaj\u016f<\/strong><\/h3>\n<p data-start=\"2074\" data-end=\"2085\">M\u00e1te pr\u00e1vo:<\/p>\n<ul data-start=\"2087\" data-end=\"2310\">\n<li data-start=\"2087\" data-end=\"2122\">\n<p data-start=\"2089\" data-end=\"2122\">po\u017eadovat p\u0159\u00edstup ke sv\u00fdm \u00fadaj\u016fm,<\/p>\n<\/li>\n<li data-start=\"2123\" data-end=\"2171\">\n<p data-start=\"2125\" data-end=\"2171\">po\u017eadovat opravu, v\u00fdmaz \u010di omezen\u00ed zpracov\u00e1n\u00ed,<\/p>\n<\/li>\n<li data-start=\"2172\" data-end=\"2206\">\n<p data-start=\"2174\" data-end=\"2206\">vzn\u00e9st n\u00e1mitku proti zpracov\u00e1n\u00ed,<\/p>\n<\/li>\n<li data-start=\"2207\" data-end=\"2243\">\n<p data-start=\"2209\" data-end=\"2243\">p\u0159en\u00e9st sv\u00e1 data k jin\u00e9mu spr\u00e1vci,<\/p>\n<\/li>\n<li data-start=\"2244\" data-end=\"2310\">\n<p data-start=\"2246\" data-end=\"2310\">podat st\u00ed\u017enost u \u00da\u0159adu pro ochranu osobn\u00edch \u00fadaj\u016f (<a class=\"cursor-pointer\" target=\"_new\" rel=\"noopener\" data-start=\"2297\" data-end=\"2308\">www.uoou.cz<\/a>).<\/p>\n<\/li>\n<\/ul>\n<hr data-start=\"2312\" data-end=\"2315\" \/>\n<h3 data-start=\"2317\" data-end=\"2360\"><strong data-start=\"2321\" data-end=\"2360\">8. Cookies a sledov\u00e1n\u00ed n\u00e1v\u0161t\u011bvnosti<\/strong><\/h3>\n<p data-start=\"2362\" data-end=\"2594\">Web catering.7seven.cz m\u016f\u017ee vyu\u017e\u00edvat cookies pro zaji\u0161t\u011bn\u00ed funk\u010dnosti a z\u00e1kladn\u00ed analytiky n\u00e1v\u0161t\u011bvnosti. Cookies jsou zpracov\u00e1ny na z\u00e1klad\u011b opr\u00e1vn\u011bn\u00e9ho z\u00e1jmu provozovatele. Jejich pou\u017e\u00edv\u00e1n\u00ed lze upravit v nastaven\u00ed va\u0161eho prohl\u00ed\u017ee\u010de.<\/p>\n<hr data-start=\"2596\" data-end=\"2599\" \/>\n<h3 data-start=\"2601\" data-end=\"2632\"><strong data-start=\"2605\" data-end=\"2632\">9. Z\u00e1v\u011bre\u010dn\u00e1 ustanoven\u00ed<\/strong><\/h3>\n<p data-start=\"2634\" data-end=\"2745\">Tyto z\u00e1sady jsou \u00fa\u010dinn\u00e9 od 25. 7. 2025. Provozovatel si vyhrazuje pr\u00e1vo je aktualizovat dle platn\u00e9 legislativy.<\/p>\n","protected":false},"excerpt":{"rendered":"<p>Z\u00e1sady zpracov\u00e1n\u00ed osobn\u00edch \u00fadaj\u016f (GDPR) Provozovatel:7seven.cz\/cateringPetr Vobo\u0159ilU Kamenn\u00fdch L\u00e1zn\u00ed 238\/37415 01 TepliceI\u010cO: 867 52 421E-mail: info@7seven.czTelefon: +420 777 977 637 1. Z\u00e1kladn\u00ed ustanoven\u00ed Provozovatel webu a poskytovatel cateringov\u00fdch slu\u017eeb zpracov\u00e1v\u00e1 osobn\u00ed \u00fadaje n\u00e1v\u0161t\u011bvn\u00edk\u016f webu a sv\u00fdch klient\u016f v souladu s na\u0159\u00edzen\u00edm Evropsk\u00e9ho parlamentu a Rady (EU) 2016\/679 (GDPR) a z\u00e1konem \u010d. 110\/2019 Sb., o zpracov\u00e1n\u00ed &#8230; <a title=\"Podm\u00ednky GDPR\" class=\"read-more\" href=\"https:\/\/7seven.cz\/catering\/podminky-gdpr\/\" aria-label=\"\u010c\u00edst v\u00edce o Podm\u00ednky GDPR\">\u010c\u00edst d\u00e1l<\/a><\/p>\n","protected":false},"author":1,"featured_media":0,"parent":0,"menu_order":0,"comment_status":"closed","ping_status":"closed","template":"","meta":{"footnotes":""},"class_list":["post-53","page","type-page","status-publish"],"_links":{"self":[{"href":"https:\/\/7seven.cz\/catering\/wp-json\/wp\/v2\/pages\/53","targetHints":{"allow":["GET"]}}],"collection":[{"href":"https:\/\/7seven.cz\/catering\/wp-json\/wp\/v2\/pages"}],"about":[{"href":"https:\/\/7seven.cz\/catering\/wp-json\/wp\/v2\/types\/page"}],"author":[{"embeddable":true,"href":"https:\/\/7seven.cz\/catering\/wp-json\/wp\/v2\/users\/1"}],"replies":[{"embeddable":true,"href":"https:\/\/7seven.cz\/catering\/wp-json\/wp\/v2\/comments?post=53"}],"version-history":[{"count":1,"href":"https:\/\/7seven.cz\/catering\/wp-json\/wp\/v2\/pages\/53\/revisions"}],"predecessor-version":[{"id":54,"href":"https:\/\/7seven.cz\/catering\/wp-json\/wp\/v2\/pages\/53\/revisions\/54"}],"wp:attachment":[{"href":"https:\/\/7seven.cz\/catering\/wp-json\/wp\/v2\/media?parent=53"}],"curies":[{"name":"wp","href":"https:\/\/api.w.org\/{rel}","templated":true}]}}